2*g**2 + 2*g. Let a be l(-1). What is p(a)?
5
Let k(x) = x. Suppose -13*f + 36 + 42 = 0. Give k(f).
6
Let a(v) = -8*v - 1 - 9 + v**2 + 7 - 1. Determine a(6).
-16
Let h(z) be the third derivative of z**7/5040 - z**6/360 + z**5/20 - 3*z**2. Let q(j) be the third derivative of h(j). Determine q(5).
3
Let o(x) = -4*x - 2. Let v be 4/8*(-1 - -5). Suppose 0*p = 4*f - v*p + 16, -4*f = 2*p. Give o(f).
6
Let x(j) = j - 6*j + 6*j + j**2 - 1. Calculate x(-3).
5
Suppose 3*x = -0*x. Suppose 2*m + x*m - 6 = 0. Let c be -3 + 0 - (m + -3). Let i(g) = g**3 + 2*g**2 - 2*g + 1. Give i(c).
-2
Let z be (1 + -2)*(-2 - 3). Let l(o) = -37*o**2 + 16*o - 25*o**2 + 11*o**2 - z. Let j(a) = -10*a**2 + 3*a - 1. Let g(d) = 11*j(d) - 2*l(d). Determine g(1).
-8
Let d(s) = s**3 - s**2 + 2*s. Suppose 5*x + 0*x = 4*h + 30, 50 = 3*x + 4*h. Let g be (-4)/x - (-24)/10. Suppose -g*c = 2*c - 8. Give d(c).
8
Let h(k) = 4*k**2 - k - 5*k**2 - 2 + 3. Let u be h(-1). Let n(b) = b**2 + b. Let g(x) = -5*x**2 - 6*x - 1. Let l(m) = g(m) + 6*n(m). Determine l(u).
0
Let v = -1 + 3. Let c be 5/v + (-1)/(-2). Let z(l) = 2*l**2 - 4*l. Give z(c).
6
Suppose -5*f + 31 = -2*n, f - 4*f + 15 = 0. Let o be (-4)/(-6) - (-2)/6. Let w(t) = o + 2*t + 3*t**2 + 0*t - t + t**3. Calculate w(n).
-2
Let r(i) = -i**2 + 8*i - 7. Let l be r(6). Suppose -4*w + l = 13. Let n(x) = -3*x + 1. Calculate n(w).
7
Let r be (-5)/(20/(-16)) + -3. Let p(w) = w**3 + w**2 + w - 1. What is p(r)?
2
Let a(k) = -k**2 + 8*k - 9. Suppose -r - 1 = f - 8, f - 2*r - 4 = 0. Give a(f).
3
Let h(u) = -2*u + 6. Suppose 2*m - 3*v - v = 16, 2*v = 5*m - 24. Let y be h(m). Let g(o) = 3*o**2 + 2 - o**3 + 2*o + 0*o**2 - 5*o**2. What is g(y)?
-2
Let x(u) = -2*u - 6. Suppose 0 = -11*d + 7*d - 20. Give x(d).
4
Let k(a) = -a + 4. Let v be (-3)/9 - 4/(-12). Suppose d + 4*d = v. Give k(d).
4
Let f(k) = 48*k**2 - 18*k**2 - 11 - 6*k - 21*k**2 - k**3. Determine f(8).
5
Suppose -2*z + 5 = 3*w - 11, 3*z = -2*w + 19. Suppose w = -r - 4*d - 10, -d = 5*r - 16. Let b(x) = x**3 - 3*x**2 + x**2 + 2*x + x**3 - r*x. Calculate b(2).
4
Let l(f) be the second derivative of -f**4/6 + f**3/3 - f**2 + 218*f. Let k = -2 - -3. Suppose -z + 1 = -k. Calculate l(z).
-6
Let u(n) = -n**2 + 4*n + 3. Let r be u(4). Let o(z) = -z**2 + z - 2. Let a(t) = 2*t**2 - t + 3. Let h(f) = r*a(f) + 4*o(f). Calculate h(-2).
7
Let a(t) be the third derivative of 2*t**2 + 1/60*t**5 - 1/6*t**3 - 1/40*t**6 + 0*t + 1/24*t**4 + 0. What is a(1)?
-2
Let q(v) = 0 + 3 - v + 9. Suppose -4*p = -5*k + 98, -k - 3*p + 14 = -p. Let z = k + -13. Determine q(z).
7
Let n(u) = u**2 + 8*u + 8. Let g be n(-8). Let o be (g - 2) + 2 - 2. Suppose 0 = -3*i - o. Let c(p) = 3*p + 2. Determine c(i).
-4
Let p(l) = 0*l + 3*l - 5*l**2 + l**3 + 2 + 3. Let s(m) = m - 1. Let c be s(-6). Let x be 6/(-2 + c/(-2)). What is p(x)?
1
Let v = -1 + 2. Let m(s) = 4*s**2 - 3*s - 5. Suppose -3*l + 6 + 12 = 0. Let t(f) = -5*f**2 + 4*f + 6. Let j(d) = l*m(d) + 5*t(d). Give j(v).
1
Let y(u) = u - 6. Suppose -q - 3*l - 5 = 1, -4 = -q + 2*l. Suppose -4*o + 27 = -5*d, -5*d - 35 = -5*o - q*d. Let j be o/2 + 2/2. Calculate y(j).
-1
Suppose 0 = -2*w - 4 + 2. Let d be w*(3 - (-2 - 0)). Let m(q) = 26*q + 3 - 24*q - 2 - 2. What is m(d)?
-11
Suppose 5*n - 20 = n. Let h(u) be the first derivative of u**3/3 - 2*u**2 - 4*u + 11. What is h(n)?
1
Let j(x) = 4*x**3 - 1 - 2*x + x + 3*x**2 - 3*x**3. Let m = -15 + 17. Suppose m*v + 4*s = v + 1, -v = s + 2. Give j(v).
2
Let p(v) = v - 11*v**3 + 17 + v - 18 + 2*v**3. Determine p(1).
-8
Let i be 4/3*30/20. Let j(r) = -2*r**2 + r. Determine j(i).
-6
Let x(m) = -m. Suppose 4*p + 30 = -2*g, 0 = -g - 4*g + 2*p - 15. Calculate x(g).
5
Let r(s) be the third derivative of -2*s**2 + 2/3*s**3 + 0 + 0*s - 5/24*s**4 + 1/60*s**5. Suppose 0 = i + 2*c - 5, -3*i + i = -2*c - 10. Calculate r(i).
4
Let t(q) be the third derivative of q**5/60 + 7*q**4/24 + q**3 - 14*q**2. Calculate t(-4).
-6
Let c(a) = -2*a + a + 0*a. Calculate c(5).
-5
Let q(d) = -3*d. Let h = -21 - -12. Let o(l) = 8*l**2 + l - 1. Let u be o(1). Let t = h + u. What is q(t)?
3
Let x(v) = 1 - 2*v - 12*v + v**2 + 8*v - 4. Calculate x(6).
-3
Let d(g) = 3*g + 10. Let b(h) = 6*h + 19. Let v(w) = 6*b(w) - 11*d(w). Let o be 5*((-9)/(-3))/(-3). Calculate v(o).
-11
Let s(j) = -11*j + 7. Let y(r) = -5*r + 4. Let h(n) = 4*s(n) - 9*y(n). What is h(6)?
-2
Let i(m) be the first derivative of m**4/4 + m**3 + 3*m**2/2 + 2*m - 21. Give i(-3).
-7
Suppose -4*p - p = 5*i - 140, 3*i + p - 74 = 0. Suppose -4*k = -x + 5 - i, -k + 12 = -4*x. Suppose k*q + 9 = q. Let s(n) = -n + 3. Give s(q).
6
Let q(w) = -1 - 5*w**2 + 5*w - 5*w - w. Calculate q(-1).
-5
Let v be (-4 + 3)/(1/(-5)). Let u(q) be the first derivative of 2*q - 2 + 1/3*q**3 - 7/2*q**2. Give u(v).
-8
Let w(i) = -11*i**3 - i**2 - i. Suppose 3*f - f = -2. Calculate w(f).
11
Let s(k) = 6*k**2 + 1. Let g(w) = w**2. Let h be 2 - -2 - -2 - 1. Let l(v) = h*g(v) - s(v). Suppose n = -n. Calculate l(n).
-1
Let w be (9 - 3) + -2 + 1. Let d(g) = 2 - g + w - 5. Let v be (-4)/(-10) + (-16)/(-10). Calculate d(v).
0
Let m(n) = n - 1. Let y be m(-3). Let g(v) be the second derivative of -v**3/6 + v. Let t be g(y). Let d(s) = -s**2 + 5*s - 5. What is d(t)?
-1
Let i be (-144)/(-81) + ((-33)/(-27) - 1). Let p(y) = y**3 - y**2 + 3*y - 2. Determine p(i).
8
Suppose -4*j + 6 = -6. Let a = 5 - j. Let s(g) = g - g**a + 0*g + 3 + 4*g - g. Determine s(4).
3
Let f(j) = 12 + 2*j + j - 2*j. Suppose 2*g - 3*g - 3 = 0. Let n be (2 - 2)/((-9)/g). Calculate f(n).
12
Let k(x) be the third derivative of -x**5/60 + 5*x**4/24 + x**3/3 + 2*x**2. Let z be k(5). Let t(l) = -3*l + 6*l - z*l. Give t(-3).
-3
Let u(d) = d**3 + d**2. Let k(p) = -p - 3. Let i be k(-5). Suppose -6 = 4*v + i. What is u(v)?
-4
Let i(f) = f**2 + 4*f + 4. Let t(u) = -u + 5. Let o be t(10). Determine i(o).
9
Let f(c) = -c**2 - 8*c - 2. Let s be f(-7). Suppose -s*b + 35 = 10. Let r(n) = n**2 - 1. Let p(g) = 5*g**2 - 5*g - 5. Let t(d) = p(d) - 4*r(d). Determine t(b).
-1
Let k(v) = -2*v - 8. Suppose w = 10 - 17. What is k(w)?
6
Let z(c) = -15*c - 1. Let t(g) be the third derivative of 5*g**4/24 - 3*g**2. Let u(f) = -8*t(f) - 3*z(f). What is u(-2)?
-7
Let k be 7/(-5) - 12/(-30). Let y = k + 2. Let n(z) = -7*z + 1. Determine n(y).
-6
Suppose 0 = i + 3*i - 24. Let z = i + -6. Let q(k) = 3 - k**2 + 3 + z*k + k. Calculate q(0).
6
Let n(c) = c + 1. Suppose 0 = 2*h - 10. Suppose -h = 5*f + 5. Let s be -6*(-1 + (-3)/f). Determine n(s).
-2
Let h(b) = -b**3 + b**2 + b - 1. Suppose -15 - 15 = -5*u. Let l = u - 7. Let y = l - -3. What is h(y)?
-3
Let a(n) be the second derivative of n**3/3 - 2*n**2 - n. Calculate a(3).
2
Suppose 5*s = -0*s - 30. Let a(l) be the first derivative of l**2/2 + 5*l + 13. Determine a(s).
-1
Let a(q) = q + 11. Let w(r) = -r**3 - 6*r**2 + 4*r - 3. Let h be w(-7). Let b = 13 - h. Give a(b).
6
Let p = -16 + 11. Let s(w) be the third derivative of w**6/720 - w**5/60 - 5*w**4/12 - 6*w**2. Let c(b) be the second derivative of s(b). Calculate c(p).
-7
Let o be (-3)/(-9) + (-4)/(-6). Let m(b) = -2*b**2 - 2*b + 1. What is m(o)?
-3
Let a(x) = 4*x**2 + 5*x - 1. Let q(n) = n**2 + n. Let v(s) = -2*a(s) + 9*q(s). Let y(j) = -j**2 + j. Let l be y(0). What is v(l)?
2
Let f(g) = -3*g - 1. Let z(k) = k - 2. Let i be z(6). What is f(i)?
-13
Let s(j) = j + 3. Let v(p) = -2*p + 12 + 3*p + 5*p - 2*p. Let h(b) = 22*s(b) - 6*v(b). What is h(-5)?
4
Let r(t) = -t - 9. Let b(n) = 2*n - 9. Let m be b(6). Suppose -6 = 5*i + m*j, -4*i - 3 - 5 = 4*j. What is r(i)?
-9
Suppose 2*c - 3*x - 1 = 0, -c + x - 1 + 0 = 0. Let g(j) = 0 - j**2 - 5 - 33*j + 0*j**2 + 29*j. Determine g(c).
-5
Let c(p) be the second derivative of -p**5/20 + 3*p**4/4 + 3*p**2 + 19*p. Calculate c(9).
6
Let u(n) = 5*n - 3*n + 0*n + 4*n**3 + 1. Let z(l) = l - 3. Let k be z(2). What is u(k)?
-5
Suppose 2*i + 27 = -4*q + 5, -2*i = -3*q - 6. Let h(a) = -4*a - 2. Let j(p) = -3*p - 2. Let b(y) = 4*h(y) - 5*j(y). Give b(q).
6
Let x be (6/8)/(6/(-48)). Let n(s) = s**3 + 5*s**2 - 7*s - 9. Determine n(x).
-3
Let p(t) be the second derivative of 0 - 1/10*t**5 + 1/2*t**2 + t - 1/120*t**6 - 1/6*t**4 - 1/3*t**3. Let h(d) be the first derivative of p(d). Give h(-5).
-7
Suppose -a + 5*a + 8 = -4*d, -14 = d + 4*a. Suppose -32 = -r - 7*r. Suppose -5*b + r*j = -6, -1 